124?
122
In base 12, what is -9 - 22?
-2b
In base 4, what is -101 - -2320?
2213
In base 5, what is 1004 + -44?
410
In base 12, what is -2 + -831?
-833
In base 10, what is 1 + -246?
-245
In base 10, what is -18 - -5?
-13
In base 11, what is 133 + 2?
135
In base 14, what is -43 - 15?
-58
In base 5, what is -4033 + -2?
-4040
In base 2, what is 11 + 111100110?
111101001
In base 16, what is 5 + -80f?
-80a
In base 6, what is 215251 - -5?
215300
In base 14, what is 2 + -1a28?
-1a26
In base 5, what is -10 + -2211?
-2221
In base 13, what is 13 - -7?
1a
In base 15, what is -1d + 4?
-19
In base 12, what is 2a + 20?
4a
In base 3, what is -2 + -12220?
-12222
In base 14, what is -2 + a8?
a6
In base 5, what is -1024 - 100?
-1124
In base 2, what is -11110001 - -1?
-11110000
In base 8, what is -235 - 1?
-236
In base 15, what is c + -37?
-2a
In base 4, what is -2 + 10323?
10321
In base 16, what is 5 - -d5?
da
In base 11, what is -9 + -24?
-32
In base 16, what is -4f1 - -1?
-4f0
In base 2, what is 100 - -111000?
111100
In base 11, what is 5 - -140?
145
In base 11, what is 2 + -127?
-125
In base 15, what is 2 + -43?
-41
In base 2, what is 10000010100 - -10?
10000010110
In base 11, what is 7 + 0?
7
In base 16, what is 17 + 1e?
35
In base 3, what is -2 - 102112?
-102121
In base 4, what is -3 + -10?
-13
In base 10, what is 4 - -2076?
2080
In base 14, what is 124 + 4?
128
In base 6, what is -2011 - -15?
-1552
In base 6, what is -110 - 1?
-111
In base 15, what is -11 - 2?
-13
In base 3, what is 111010 + -1?
111002
In base 8, what is 2 + -7005?
-7003
In base 15, what is 7 - -ec?
104
In base 13, what is 224 - 27?
1ca
In base 8, what is 1 + 62?
63
In base 10, what is -3 + -3981?
-3984
In base 14, what is -33d - 1?
-340
In base 15, what is ed + 5?
103
In base 15, what is 3 + 17e?
182
In base 7, what is -32 - -5?
-24
In base 4, what is 30 - 33?
-3
In base 12, what is 765 - 3?
762
In base 7, what is 3 + -3300?
-3264
In base 6, what is 3200 + -30?
3130
In base 2, what is 1110010 - 100011?
1001111
In base 2, what is -100 - 1110101?
-1111001
In base 11, what is -161 + -12?
-173
In base 7, what is 1 - -101?
102
In base 8, what is 14 - 65?
-51
In base 7, what is 1 + 300?
301
In base 12, what is -12a5 - 1?
-12a6
In base 11, what is 18 - -7?
24
In base 2, what is -11111101 - -10?
-11111011
In base 14, what is 1 - -29?
2a
In base 9, what is 7 - 51?
-43
In base 5, what is 103 - 21?
32
In base 6, what is 503 + 10?
513
In base 3, what is -12 - -20121?
20102
In base 2, what is -1 - -101111?
101110
In base 4, what is 231 - 20?
211
In base 10, what is 0 + 767?
767
In base 15, what is -2 + -35?
-37
In base 9, what is -15 + -102?
-117
In base 11, what is -1a6 - 3?
-1a9
In base 6, what is -5 + -3444?
-3453
In base 12, what is 1 - -1447?
1448
In base 14, what is -168 + -2?
-16a
In base 5, what is -13 - 211?
-224
In base 12, what is -14 - -34?
20
In base 9, what is -2 - 38?
-41
In base 11, what is -188 + 3?
-185
In base 12, what is -3 - 218?
-21b
In base 12, what is -4 + 83?
7b
In base 11, what is 1 - 434?
-433
In base 11, what is -38 + 1?
-37
In base 3, what is -111 + -1022120?
-1100001
In base 16, what is -18 + 5?
-13
In base 6, what is 0 + 3321?
3321
In base 15, what is -14 + -d?
-22
In base 13, what is 1 - -341?
342
In base 3, what is -11202202 - -10?
-11202122
In base 14, what is 49 - -ac?
117
In base 10, what is 891 - 3?
888
In base 7, what is 3 - -114?
120
In base 16, what is 2 + -25?
-23
In base 13, what is -16 - 580?
-596
In base 15, what is 1a - -72?
8c
In base 3, what is 1 - 2012?
-2011
In base 14, what is -2 + 57?
55
In base 7, what is 46 + 5?
54
In base 3, what is 1 + 12001?
12002
In base 6, what is -20320 + 5?
-20311
In base 6, what is -143 + 1?
-142
In base 6, what is 2 + -112?
-110
In base 9, what is 5 - 444?
-438
In base 13, what is -4 + 173?
16c
In base 15, what is 540 + 1?
541
In base 14, what is 17 - b?
a
In base 10, what is 1656 - -4?
1660
In base 8, what is 2464 + -2?
2462
In base 3, what is -12102011 + 2?
-12102002
In base 13, what is -b - -b2?
a4
In base 5, what is -34 + -1023?
-1112
In base 9, what is -2 + -6556?
-6558
In base 7, what is -2605 + 13?
-2562
In base 16, what is 3 + -9?
-6
In base 10, what is 33 - -1?
34
In base 11, what is 29075 + -4?
29071
In base 13, what is -106a - -3?
-1067
In base 13, what is 5 + -2?
3
In base 15, what is -13 + 8?
-a
In base 12, what is -1 + -159?
-15a
In base 5, what is 1234 - 4?
1230
In base 4, what is 3303 - -1?
3310
In base 5, what is -2 - 230334?
-230341
In base 14, what is -4 - -28?
24
In base 10, what is -2811 + 4?
-2807
In base 6, what is -11 - -43?
32
In base 11, what is -20 - 16?
-36
In base 10, what is -3 - -16?
13
In base 15, what is -44 + 1?
-43
In base 4, what is -10 + 102221?
102211
In base 5, what is -2 - 30013?
-30020
In base 2, what is 1 - -1000011?
1000100
In base 2, what is 1011 - 1100111?
-1011100
In base 5, what is -11003 + 1?
-11002
In base 7, what is 54 - 0?
54
In base 3, what is 11 - 21112?
-21101
In base 6, what is 1332 - 5?
1323
In base 4, what is 3302 - -1?
3303
In base 10, what is 9 - -547?
556
In base 3, what is -11 + -10110121?
-10110202
In base 2, what is 1 - 1100?
-1011
In base 12, what is -128 + -7?
-133
In base 10, what is 1180 + -4?
1176
In base 8, what is -6 - 360?
-366
In base 15, what is -3 - 21a?
-21d
In base 3, what is -210201202 - 11?
-210201220
In base 5, what is 14 - 1140?
-1121
In base 5, what is 3 - -201?
204
In base 5, what is 2200 + -111?
2034
In base 9, what is 6 + 170?
176
In base 16, what is 43 + 0?
43
In base 16, what is 4 - 494?
-490
In base 13, what is -a + 3?
-7
In base 14, what is d73 - -3?
d76
In base 12, what is -1 + -21?
-22
In base 13, what is 1 - 203?
-202
In base 6, what is 1040 + -3?
1033
In base 10, what is -2 - 12?
-14
In base 9, what is 27 + 110?
137
In base 6, what is -11 + -204?
-215
In base 9, what is 1 + -842?
-841
In base 15, what is 5 + 696?
69b
In base 5, what is -21 - -24?
3
In base 2, what is -100 - -10110110?
10110010
In base 8, what is 254 + 1?
255
In base 9, what is 2 + 220?
222
In base 2, what is -10001 + -1110101?
-10000110
In base 7, what is 42 - -36?
111
In base 16, what is 8b - -3?
8e
In base 4, what is 231 + -110?
121
In base 7, what is -41 - 15?
-56
In base 2, what is 1100 + -10001?
-101
In base 12, what is 321 - 5?
318
In base 11, what is 0 - -1980?
1980
In base 9, what is 341 + -4?
336
In base 9, what is 5 + -1460?
-1454
In base 3, what is 1 + 111101?
111102
In base 12, what is 2 - -6a?
70
In base 11, what is 8 - -5?
12
In base 2, what is -101001 - -1110110?
1001101
In base 6, what is -4 - 40521?
-40525
In base 7, what is -12 + 160?
145
In base 16, what is -1 - -35e?
35d
In base 2, what is -10011111 - -1001001?
-1010110
In base 10, what is -13 - 1619?
-1632
In base 12, what is -1086 + -1?
-1087
In base 15, what is 1 + 440?
441
In base 13, what is -7 + 10?
6
In base 2, what is 101 + 100110?
101011
In base 6, what is -1043 + -5?
-1052
In base 13, what is 7 + 16b?
175
In base 16, what is 5 - -207?
20c
In base 5, what is 4 + -113213?
-113204
In base 14, what is -54 - -34?
-20
In base 16, what is -5 + -4a?
-4f
In base 16, what is 2a - -3?
2d
In base 13, what is 1c9 - 5?
1c4
In base 2, what is 111000 + -1101?
101011
In base 15, what is -44 + -1e?
-63
In base 4, what is 1 - 110332?
-110331
In base 16, what is -1 - 9b?
-9c
In base 12, what is -a0 - 4?
-a4
In base 14, what is -3 + 67?
64
In base 8, what is -6 + 4121?
4113
In base 11, what is 2 + -56?
-54
In base 16, what is b70 + -1?
b6f
In base 15, what is b4 + -2?
b2
In base 15, what is -3 - 51?
-54
In base 10, what is -21 - 0?
-21
In base 13, what is -a + -5?
-12
In base 7, what is 2513 + 6?
2522
In base 2, what is -1 + 11010101101?
11010101100
In base 16, what is -9744 + 5?
-973f
In base 3, what is -210 - 101020?
-102000
In base 4, what is 2120 + 2?
2122
In base 11, what is 2 + 521?
523
In base 16, what is -5 + 14?
f
In base 10, what is 1165 + -4?
1161
In base 2, what is 1111011 + -10101000?
-101101
In base 4, what is 321 + -3?
312
In base 16, what is 8 - 293?
-28b
In base 12, what is 25 - -12a?
153
In base 16, what is 5 - 337?
-332
In base 8, what is 54 + 14?
70
In base 10, what is 143 + 3?
146
In base 15, what is 1 + 4?
5
In base 11, what is -8 - 7?
-14
In base 5, what is 2 - 210?
-203
In base 3